{"id":2108,"date":"2025-03-14T20:44:45","date_gmt":"2025-03-14T19:44:45","guid":{"rendered":"https:\/\/saintsuliac.com\/?page_id=2108"},"modified":"2026-02-03T19:43:07","modified_gmt":"2026-02-03T18:43:07","slug":"les-jardins-partages","status":"publish","type":"page","link":"https:\/\/saintsuliac.com\/index.php\/les-jardins-partages\/","title":{"rendered":"Les Jardins Partag\u00e9s"},"content":{"rendered":"\t\t<div data-elementor-type=\"wp-page\" data-elementor-id=\"2108\" class=\"elementor elementor-2108\" data-elementor-post-type=\"page\">\n\t\t\t\t<div class=\"elementor-element elementor-element-a95a91f e-flex e-con-boxed e-con e-parent\" data-id=\"a95a91f\" data-element_type=\"container\" data-e-type=\"container\">\n\t\t\t\t\t<div class=\"e-con-inner\">\n\t\t\t\t<div class=\"elementor-element elementor-element-cdebf3a elementor-widget elementor-widget-heading\" data-id=\"cdebf3a\" data-element_type=\"widget\" data-e-type=\"widget\" data-widget_type=\"heading.default\">\n\t\t\t\t<div class=\"elementor-widget-container\">\n\t\t\t\t\t<h2 class=\"elementor-heading-title elementor-size-default\">Les Jardins Partag\u00e9s<\/h2>\t\t\t\t<\/div>\n\t\t\t\t<\/div>\n\t\t\t\t\t<\/div>\n\t\t\t\t<\/div>\n\t\t<div class=\"elementor-element elementor-element-3688033 e-flex e-con-boxed e-con e-parent\" data-id=\"3688033\" data-element_type=\"container\" data-e-type=\"container\">\n\t\t\t\t\t<div class=\"e-con-inner\">\n\t\t\t\t<div class=\"elementor-element elementor-element-c7249e7 elementor-widget elementor-widget-text-editor\" data-id=\"c7249e7\" data-element_type=\"widget\" data-e-type=\"widget\" data-widget_type=\"text-editor.default\">\n\t\t\t\t<div class=\"elementor-widget-container\">\n\t\t\t\t\t\t\t\t\t<p>Lanc\u00e9s en 2014 ils sont un lieu de convivialit\u00e9, de partage et d&rsquo;\u00e9changes.<\/p>\t\t\t\t\t\t\t\t<\/div>\n\t\t\t\t<\/div>\n\t\t\t\t\t<\/div>\n\t\t\t\t<\/div>\n\t\t<div class=\"elementor-element elementor-element-1ba1743 e-flex e-con-boxed e-con e-parent\" data-id=\"1ba1743\" data-element_type=\"container\" data-e-type=\"container\">\n\t\t\t\t\t<div class=\"e-con-inner\">\n\t\t<div class=\"elementor-element elementor-element-821e7e6 e-con-full e-flex e-con e-child\" data-id=\"821e7e6\" data-element_type=\"container\" data-e-type=\"container\">\n\t\t\t\t<div class=\"elementor-element elementor-element-c29f50f elementor-widget elementor-widget-image\" data-id=\"c29f50f\" data-element_type=\"widget\" data-e-type=\"widget\" data-widget_type=\"image.default\">\n\t\t\t\t<div class=\"elementor-widget-container\">\n\t\t\t\t\t\t\t\t\t\t\t\t\t\t\t<img fetchpriority=\"high\" decoding=\"async\" width=\"800\" height=\"600\" src=\"https:\/\/saintsuliac.com\/wp-content\/uploads\/2025\/03\/IMG_3539-1024x768.jpg\" class=\"attachment-large size-large wp-image-2110\" alt=\"\" srcset=\"https:\/\/saintsuliac.com\/wp-content\/uploads\/2025\/03\/IMG_3539-1024x768.jpg 1024w, https:\/\/saintsuliac.com\/wp-content\/uploads\/2025\/03\/IMG_3539-300x225.jpg 300w, https:\/\/saintsuliac.com\/wp-content\/uploads\/2025\/03\/IMG_3539-768x576.jpg 768w, https:\/\/saintsuliac.com\/wp-content\/uploads\/2025\/03\/IMG_3539-1536x1152.jpg 1536w, https:\/\/saintsuliac.com\/wp-content\/uploads\/2025\/03\/IMG_3539-2048x1536.jpg 2048w\" sizes=\"(max-width: 800px) 100vw, 800px\" \/>\t\t\t\t\t\t\t\t\t\t\t\t\t\t\t<\/div>\n\t\t\t\t<\/div>\n\t\t\t\t<\/div>\n\t\t<div class=\"elementor-element elementor-element-4408554 e-con-full e-flex e-con e-child\" data-id=\"4408554\" data-element_type=\"container\" data-e-type=\"container\">\n\t\t\t\t<div class=\"elementor-element elementor-element-e66edce elementor-widget elementor-widget-text-editor\" data-id=\"e66edce\" data-element_type=\"widget\" data-e-type=\"widget\" data-widget_type=\"text-editor.default\">\n\t\t\t\t<div class=\"elementor-widget-container\">\n\t\t\t\t\t\t\t\t\t<p>En les parcourant, on d\u00e9couvre des parcelles soigneusement entretenues et des r\u00e9coltes qui s\u2019annoncent \u00e0 chaque fois prometteuses.<\/p><p>Les Jardins partag\u00e9s regroupent des amoureux de la nature, des jardiniers qui partagent leur exp\u00e9rience. Vous pouvez \u00e9galement ajouter \u00e0 cela une belle diversit\u00e9 de l\u00e9gumes : fraisiers, haricots, f\u00e8ves, pommes de terre, framboises, rhubarbe, tomates, courgettes&#8230;<\/p>\t\t\t\t\t\t\t\t<\/div>\n\t\t\t\t<\/div>\n\t\t\t\t<\/div>\n\t\t\t\t\t<\/div>\n\t\t\t\t<\/div>\n\t\t<div class=\"elementor-element elementor-element-f41bb32 e-flex e-con-boxed e-con e-parent\" data-id=\"f41bb32\" data-element_type=\"container\" data-e-type=\"container\">\n\t\t\t\t\t<div class=\"e-con-inner\">\n\t\t\t\t<div class=\"elementor-element elementor-element-75f7cea elementor-widget elementor-widget-image\" data-id=\"75f7cea\" data-element_type=\"widget\" data-e-type=\"widget\" data-widget_type=\"image.default\">\n\t\t\t\t<div class=\"elementor-widget-container\">\n\t\t\t\t\t\t\t\t\t\t\t\t\t\t\t<img decoding=\"async\" width=\"800\" height=\"600\" src=\"https:\/\/saintsuliac.com\/wp-content\/uploads\/2025\/03\/IMG_3549-1024x768.jpg\" class=\"attachment-large size-large wp-image-2114\" alt=\"\" srcset=\"https:\/\/saintsuliac.com\/wp-content\/uploads\/2025\/03\/IMG_3549-1024x768.jpg 1024w, https:\/\/saintsuliac.com\/wp-content\/uploads\/2025\/03\/IMG_3549-300x225.jpg 300w, https:\/\/saintsuliac.com\/wp-content\/uploads\/2025\/03\/IMG_3549-768x576.jpg 768w, https:\/\/saintsuliac.com\/wp-content\/uploads\/2025\/03\/IMG_3549-1536x1152.jpg 1536w, https:\/\/saintsuliac.com\/wp-content\/uploads\/2025\/03\/IMG_3549-2048x1536.jpg 2048w\" sizes=\"(max-width: 800px) 100vw, 800px\" \/>\t\t\t\t\t\t\t\t\t\t\t\t\t\t\t<\/div>\n\t\t\t\t<\/div>\n\t\t\t\t\t<\/div>\n\t\t\t\t<\/div>\n\t\t<div class=\"elementor-element elementor-element-de319c5 e-flex e-con-boxed e-con e-parent\" data-id=\"de319c5\" data-element_type=\"container\" data-e-type=\"container\">\n\t\t\t\t\t<div class=\"e-con-inner\">\n\t\t<div class=\"elementor-element elementor-element-83a1d62 e-con-full e-flex e-con e-child\" data-id=\"83a1d62\" data-element_type=\"container\" data-e-type=\"container\">\n\t\t\t\t<div class=\"elementor-element elementor-element-3d4e364 elementor-widget elementor-widget-text-editor\" data-id=\"3d4e364\" data-element_type=\"widget\" data-e-type=\"widget\" data-widget_type=\"text-editor.default\">\n\t\t\t\t<div class=\"elementor-widget-container\">\n\t\t\t\t\t\t\t\t\t<p>Ce qui fait le charme de ces espaces, outre les jardiniers, c&rsquo;est cette combinaison entre les plantes potag\u00e8res, les fleurs, et cette magnifique vue sur la Rance, sans parler du calme ambiant.<\/p>\t\t\t\t\t\t\t\t<\/div>\n\t\t\t\t<\/div>\n\t\t\t\t<\/div>\n\t\t<div class=\"elementor-element elementor-element-6e18295 e-con-full e-flex e-con e-child\" data-id=\"6e18295\" data-element_type=\"container\" data-e-type=\"container\">\n\t\t\t\t<div class=\"elementor-element elementor-element-7371896 elementor-widget elementor-widget-image\" data-id=\"7371896\" data-element_type=\"widget\" data-e-type=\"widget\" data-widget_type=\"image.default\">\n\t\t\t\t<div class=\"elementor-widget-container\">\n\t\t\t\t\t\t\t\t\t\t\t\t\t\t\t<img decoding=\"async\" width=\"768\" height=\"1024\" src=\"https:\/\/saintsuliac.com\/wp-content\/uploads\/2025\/03\/IMG_3546-768x1024.jpg\" class=\"attachment-large size-large wp-image-2113\" alt=\"\" srcset=\"https:\/\/saintsuliac.com\/wp-content\/uploads\/2025\/03\/IMG_3546-768x1024.jpg 768w, https:\/\/saintsuliac.com\/wp-content\/uploads\/2025\/03\/IMG_3546-225x300.jpg 225w, https:\/\/saintsuliac.com\/wp-content\/uploads\/2025\/03\/IMG_3546-1152x1536.jpg 1152w, https:\/\/saintsuliac.com\/wp-content\/uploads\/2025\/03\/IMG_3546-1536x2048.jpg 1536w, https:\/\/saintsuliac.com\/wp-content\/uploads\/2025\/03\/IMG_3546-scaled.jpg 1920w\" sizes=\"(max-width: 768px) 100vw, 768px\" \/>\t\t\t\t\t\t\t\t\t\t\t\t\t\t\t<\/div>\n\t\t\t\t<\/div>\n\t\t\t\t<\/div>\n\t\t\t\t\t<\/div>\n\t\t\t\t<\/div>\n\t\t<div class=\"elementor-element elementor-element-fd9824a e-flex e-con-boxed e-con e-parent\" data-id=\"fd9824a\" data-element_type=\"container\" data-e-type=\"container\">\n\t\t\t\t\t<div class=\"e-con-inner\">\n\t\t\t\t<div class=\"elementor-element elementor-element-39f7762 elementor-widget elementor-widget-image\" data-id=\"39f7762\" data-element_type=\"widget\" data-e-type=\"widget\" data-widget_type=\"image.default\">\n\t\t\t\t<div class=\"elementor-widget-container\">\n\t\t\t\t\t\t\t\t\t\t\t\t\t\t\t<img loading=\"lazy\" decoding=\"async\" width=\"800\" height=\"600\" src=\"https:\/\/saintsuliac.com\/wp-content\/uploads\/2025\/03\/IMG_3545-1024x768.jpg\" class=\"attachment-large size-large wp-image-2112\" alt=\"\" srcset=\"https:\/\/saintsuliac.com\/wp-content\/uploads\/2025\/03\/IMG_3545-1024x768.jpg 1024w, https:\/\/saintsuliac.com\/wp-content\/uploads\/2025\/03\/IMG_3545-300x225.jpg 300w, https:\/\/saintsuliac.com\/wp-content\/uploads\/2025\/03\/IMG_3545-768x576.jpg 768w, https:\/\/saintsuliac.com\/wp-content\/uploads\/2025\/03\/IMG_3545-1536x1152.jpg 1536w, https:\/\/saintsuliac.com\/wp-content\/uploads\/2025\/03\/IMG_3545-2048x1536.jpg 2048w\" sizes=\"(max-width: 800px) 100vw, 800px\" \/>\t\t\t\t\t\t\t\t\t\t\t\t\t\t\t<\/div>\n\t\t\t\t<\/div>\n\t\t\t\t\t<\/div>\n\t\t\t\t<\/div>\n\t\t<div class=\"elementor-element elementor-element-6ed3651 e-flex e-con-boxed e-con e-parent\" data-id=\"6ed3651\" data-element_type=\"container\" data-e-type=\"container\">\n\t\t\t\t\t<div class=\"e-con-inner\">\n\t\t\t\t<div class=\"elementor-element elementor-element-56accaa elementor-widget elementor-widget-spacer\" data-id=\"56accaa\" data-element_type=\"widget\" data-e-type=\"widget\" data-widget_type=\"spacer.default\">\n\t\t\t\t<div class=\"elementor-widget-container\">\n\t\t\t\t\t\t\t<div class=\"elementor-spacer\">\n\t\t\t<div class=\"elementor-spacer-inner\"><\/div>\n\t\t<\/div>\n\t\t\t\t\t\t<\/div>\n\t\t\t\t<\/div>\n\t\t\t\t\t<\/div>\n\t\t\t\t<\/div>\n\t\t<div class=\"elementor-element elementor-element-5035eae e-flex e-con-boxed e-con e-parent\" data-id=\"5035eae\" data-element_type=\"container\" data-e-type=\"container\">\n\t\t\t\t\t<div class=\"e-con-inner\">\n\t\t\t\t<div class=\"elementor-element elementor-element-c84222e elementor-align-center elementor-widget elementor-widget-button\" data-id=\"c84222e\" data-element_type=\"widget\" data-e-type=\"widget\" data-widget_type=\"button.default\">\n\t\t\t\t<div class=\"elementor-widget-container\">\n\t\t\t\t\t\t\t\t\t<div class=\"elementor-button-wrapper\">\n\t\t\t\t\t<a class=\"elementor-button elementor-button-link elementor-size-sm\" href=\"mailto:elisabeth.lebettre@orange.fr\">\n\t\t\t\t\t\t<span class=\"elementor-button-content-wrapper\">\n\t\t\t\t\t\t\t\t\t<span class=\"elementor-button-text\">Contacter les Jardins Partag\u00e9s<\/span>\n\t\t\t\t\t<\/span>\n\t\t\t\t\t<\/a>\n\t\t\t\t<\/div>\n\t\t\t\t\t\t\t\t<\/div>\n\t\t\t\t<\/div>\n\t\t\t\t\t<\/div>\n\t\t\t\t<\/div>\n\t\t<div class=\"elementor-element elementor-element-ddfe02f e-flex e-con-boxed e-con e-parent\" data-id=\"ddfe02f\" data-element_type=\"container\" data-e-type=\"container\">\n\t\t\t\t\t<div class=\"e-con-inner\">\n\t\t\t\t<div class=\"elementor-element elementor-element-aa16115 elementor-widget elementor-widget-spacer\" data-id=\"aa16115\" data-element_type=\"widget\" data-e-type=\"widget\" data-widget_type=\"spacer.default\">\n\t\t\t\t<div class=\"elementor-widget-container\">\n\t\t\t\t\t\t\t<div class=\"elementor-spacer\">\n\t\t\t<div class=\"elementor-spacer-inner\"><\/div>\n\t\t<\/div>\n\t\t\t\t\t\t<\/div>\n\t\t\t\t<\/div>\n\t\t\t\t\t<\/div>\n\t\t\t\t<\/div>\n\t\t<div class=\"elementor-element elementor-element-7b62096 e-flex e-con-boxed e-con e-parent\" data-id=\"7b62096\" data-element_type=\"container\" data-e-type=\"container\">\n\t\t\t\t\t<div class=\"e-con-inner\">\n\t\t\t\t<div class=\"elementor-element elementor-element-8af41ed elementor--h-position-center elementor--v-position-middle elementor-arrows-position-inside elementor-pagination-position-inside elementor-widget elementor-widget-slides\" data-id=\"8af41ed\" data-element_type=\"widget\" data-e-type=\"widget\" data-settings=\"{&quot;navigation&quot;:&quot;both&quot;,&quot;autoplay&quot;:&quot;yes&quot;,&quot;pause_on_hover&quot;:&quot;yes&quot;,&quot;pause_on_interaction&quot;:&quot;yes&quot;,&quot;autoplay_speed&quot;:5000,&quot;infinite&quot;:&quot;yes&quot;,&quot;transition&quot;:&quot;slide&quot;,&quot;transition_speed&quot;:500}\" data-widget_type=\"slides.default\">\n\t\t\t\t<div class=\"elementor-widget-container\">\n\t\t\t\t\t\t\t\t\t<div class=\"elementor-swiper\">\n\t\t\t\t\t<div class=\"elementor-slides-wrapper elementor-main-swiper swiper\" role=\"region\" aria-roledescription=\"carousel\" aria-label=\"Diapositives\" dir=\"ltr\" data-animation=\"fadeInUp\">\n\t\t\t\t<div class=\"swiper-wrapper elementor-slides\">\n\t\t\t\t\t\t\t\t\t\t<div class=\"elementor-repeater-item-907bcea swiper-slide\" role=\"group\" aria-roledescription=\"slide\"><div class=\"swiper-slide-bg\" role=\"img\" aria-label=\"coucher de soleil sur la cale de saint-suliac \u00e0 mar\u00e9e basse\"><\/div><a class=\"swiper-slide-inner\" href=\"https:\/\/saintsuliac.com\/\"><div class=\"swiper-slide-contents\"><div  class=\"elementor-button elementor-slide-button elementor-size-sm\">Accueil<\/div><\/div><\/a><\/div>\t\t\t\t<\/div>\n\t\t\t\t\t\t\t<\/div>\n\t\t\t\t<\/div>\n\t\t\t\t\t\t\t\t<\/div>\n\t\t\t\t<\/div>\n\t\t\t\t\t<\/div>\n\t\t\t\t<\/div>\n\t\t\t\t<\/div>\n\t\t","protected":false},"excerpt":{"rendered":"<p>Les Jardins Partag\u00e9s Lanc\u00e9s en 2014 ils sont un lieu de convivialit\u00e9, de partage et d&rsquo;\u00e9changes. En les parcourant, on d\u00e9couvre des parcelles soigneusement entretenues et des r\u00e9coltes qui s\u2019annoncent \u00e0 chaque fois prometteuses. Les Jardins partag\u00e9s regroupent des amoureux de la nature, des jardiniers qui partagent leur exp\u00e9rience. Vous pouvez \u00e9galement ajouter \u00e0 cela [&hellip;]<\/p>\n","protected":false},"author":1,"featured_media":0,"parent":0,"menu_order":0,"comment_status":"closed","ping_status":"closed","template":"elementor_header_footer","meta":{"footnotes":""},"class_list":["post-2108","page","type-page","status-publish","hentry"],"yoast_head":"<!-- This site is optimized with the Yoast SEO plugin v27.5 - https:\/\/yoast.com\/product\/yoast-seo-wordpress\/ -->\n<title>Les Jardins Partag\u00e9s - Saint-Suliac<\/title>\n<meta name=\"description\" content=\"D\u00e9couvrez les jardins partag\u00e9s de Saint-Suliac : \u00e9change, jardinage et nature. Rejoignez une communaut\u00e9 passionn\u00e9e et cultivez l\u00e9gumes, fleurs et aromates. Parfait pour les amoureux de la terre !\" \/>\n<meta name=\"robots\" content=\"index, follow, max-snippet:-1, max-image-preview:large, max-video-preview:-1\" \/>\n<link rel=\"canonical\" href=\"https:\/\/saintsuliac.com\/index.php\/les-jardins-partages\/\" \/>\n<meta property=\"og:locale\" content=\"fr_FR\" \/>\n<meta property=\"og:type\" content=\"article\" \/>\n<meta property=\"og:title\" content=\"Les Jardins Partag\u00e9s - Saint-Suliac\" \/>\n<meta property=\"og:description\" content=\"D\u00e9couvrez les jardins partag\u00e9s de Saint-Suliac : \u00e9change, jardinage et nature. Rejoignez une communaut\u00e9 passionn\u00e9e et cultivez l\u00e9gumes, fleurs et aromates. Parfait pour les amoureux de la terre !\" \/>\n<meta property=\"og:url\" content=\"https:\/\/saintsuliac.com\/index.php\/les-jardins-partages\/\" \/>\n<meta property=\"og:site_name\" content=\"Saint-Suliac\" \/>\n<meta property=\"article:modified_time\" content=\"2026-02-03T18:43:07+00:00\" \/>\n<meta property=\"og:image\" content=\"https:\/\/saintsuliac.com\/wp-content\/uploads\/2025\/03\/IMG_3539-scaled.jpg\" \/>\n\t<meta property=\"og:image:width\" content=\"2560\" \/>\n\t<meta property=\"og:image:height\" content=\"1920\" \/>\n\t<meta property=\"og:image:type\" content=\"image\/jpeg\" \/>\n<meta name=\"twitter:card\" content=\"summary_large_image\" \/>\n<meta name=\"twitter:label1\" content=\"Dur\u00e9e de lecture estim\u00e9e\" \/>\n\t<meta name=\"twitter:data1\" content=\"2 minutes\" \/>\n<script type=\"application\/ld+json\" class=\"yoast-schema-graph\">{\"@context\":\"https:\\\/\\\/schema.org\",\"@graph\":[{\"@type\":\"WebPage\",\"@id\":\"https:\\\/\\\/saintsuliac.com\\\/index.php\\\/les-jardins-partages\\\/\",\"url\":\"https:\\\/\\\/saintsuliac.com\\\/index.php\\\/les-jardins-partages\\\/\",\"name\":\"Les Jardins Partag\u00e9s - Saint-Suliac\",\"isPartOf\":{\"@id\":\"https:\\\/\\\/saintsuliac.com\\\/#website\"},\"primaryImageOfPage\":{\"@id\":\"https:\\\/\\\/saintsuliac.com\\\/index.php\\\/les-jardins-partages\\\/#primaryimage\"},\"image\":{\"@id\":\"https:\\\/\\\/saintsuliac.com\\\/index.php\\\/les-jardins-partages\\\/#primaryimage\"},\"thumbnailUrl\":\"https:\\\/\\\/saintsuliac.com\\\/wp-content\\\/uploads\\\/2025\\\/03\\\/IMG_3539-1024x768.jpg\",\"datePublished\":\"2025-03-14T19:44:45+00:00\",\"dateModified\":\"2026-02-03T18:43:07+00:00\",\"description\":\"D\u00e9couvrez les jardins partag\u00e9s de Saint-Suliac : \u00e9change, jardinage et nature. Rejoignez une communaut\u00e9 passionn\u00e9e et cultivez l\u00e9gumes, fleurs et aromates. Parfait pour les amoureux de la terre !\",\"breadcrumb\":{\"@id\":\"https:\\\/\\\/saintsuliac.com\\\/index.php\\\/les-jardins-partages\\\/#breadcrumb\"},\"inLanguage\":\"fr-FR\",\"potentialAction\":[{\"@type\":\"ReadAction\",\"target\":[\"https:\\\/\\\/saintsuliac.com\\\/index.php\\\/les-jardins-partages\\\/\"]}]},{\"@type\":\"ImageObject\",\"inLanguage\":\"fr-FR\",\"@id\":\"https:\\\/\\\/saintsuliac.com\\\/index.php\\\/les-jardins-partages\\\/#primaryimage\",\"url\":\"https:\\\/\\\/saintsuliac.com\\\/wp-content\\\/uploads\\\/2025\\\/03\\\/IMG_3539-scaled.jpg\",\"contentUrl\":\"https:\\\/\\\/saintsuliac.com\\\/wp-content\\\/uploads\\\/2025\\\/03\\\/IMG_3539-scaled.jpg\",\"width\":2560,\"height\":1920},{\"@type\":\"BreadcrumbList\",\"@id\":\"https:\\\/\\\/saintsuliac.com\\\/index.php\\\/les-jardins-partages\\\/#breadcrumb\",\"itemListElement\":[{\"@type\":\"ListItem\",\"position\":1,\"name\":\"Accueil\",\"item\":\"https:\\\/\\\/saintsuliac.com\\\/\"},{\"@type\":\"ListItem\",\"position\":2,\"name\":\"Les Jardins Partag\u00e9s\"}]},{\"@type\":\"WebSite\",\"@id\":\"https:\\\/\\\/saintsuliac.com\\\/#website\",\"url\":\"https:\\\/\\\/saintsuliac.com\\\/\",\"name\":\"Saint-Suliac\",\"description\":\"Bienvenue \u00e0 Saint-Suliac \",\"publisher\":{\"@id\":\"https:\\\/\\\/saintsuliac.com\\\/#\\\/schema\\\/person\\\/0178bfa3583e6a68b0fa113763c05f5f\"},\"potentialAction\":[{\"@type\":\"SearchAction\",\"target\":{\"@type\":\"EntryPoint\",\"urlTemplate\":\"https:\\\/\\\/saintsuliac.com\\\/?s={search_term_string}\"},\"query-input\":{\"@type\":\"PropertyValueSpecification\",\"valueRequired\":true,\"valueName\":\"search_term_string\"}}],\"inLanguage\":\"fr-FR\"},{\"@type\":[\"Person\",\"Organization\"],\"@id\":\"https:\\\/\\\/saintsuliac.com\\\/#\\\/schema\\\/person\\\/0178bfa3583e6a68b0fa113763c05f5f\",\"name\":\"Xavier P.\",\"image\":{\"@type\":\"ImageObject\",\"inLanguage\":\"fr-FR\",\"@id\":\"https:\\\/\\\/saintsuliac.com\\\/wp-content\\\/uploads\\\/2025\\\/04\\\/cropped-logo_profil_rs_couleur.jpg\",\"url\":\"https:\\\/\\\/saintsuliac.com\\\/wp-content\\\/uploads\\\/2025\\\/04\\\/cropped-logo_profil_rs_couleur.jpg\",\"contentUrl\":\"https:\\\/\\\/saintsuliac.com\\\/wp-content\\\/uploads\\\/2025\\\/04\\\/cropped-logo_profil_rs_couleur.jpg\",\"width\":1199,\"height\":1206,\"caption\":\"Xavier P.\"},\"logo\":{\"@id\":\"https:\\\/\\\/saintsuliac.com\\\/wp-content\\\/uploads\\\/2025\\\/04\\\/cropped-logo_profil_rs_couleur.jpg\"},\"sameAs\":[\"http:\\\/\\\/saintsuliac.com\"]}]}<\/script>\n<!-- \/ Yoast SEO plugin. -->","yoast_head_json":{"title":"Les Jardins Partag\u00e9s - Saint-Suliac","description":"D\u00e9couvrez les jardins partag\u00e9s de Saint-Suliac : \u00e9change, jardinage et nature. Rejoignez une communaut\u00e9 passionn\u00e9e et cultivez l\u00e9gumes, fleurs et aromates. Parfait pour les amoureux de la terre !","robots":{"index":"index","follow":"follow","max-snippet":"max-snippet:-1","max-image-preview":"max-image-preview:large","max-video-preview":"max-video-preview:-1"},"canonical":"https:\/\/saintsuliac.com\/index.php\/les-jardins-partages\/","og_locale":"fr_FR","og_type":"article","og_title":"Les Jardins Partag\u00e9s - Saint-Suliac","og_description":"D\u00e9couvrez les jardins partag\u00e9s de Saint-Suliac : \u00e9change, jardinage et nature. Rejoignez une communaut\u00e9 passionn\u00e9e et cultivez l\u00e9gumes, fleurs et aromates. Parfait pour les amoureux de la terre !","og_url":"https:\/\/saintsuliac.com\/index.php\/les-jardins-partages\/","og_site_name":"Saint-Suliac","article_modified_time":"2026-02-03T18:43:07+00:00","og_image":[{"width":2560,"height":1920,"url":"https:\/\/saintsuliac.com\/wp-content\/uploads\/2025\/03\/IMG_3539-scaled.jpg","type":"image\/jpeg"}],"twitter_card":"summary_large_image","twitter_misc":{"Dur\u00e9e de lecture estim\u00e9e":"2 minutes"},"schema":{"@context":"https:\/\/schema.org","@graph":[{"@type":"WebPage","@id":"https:\/\/saintsuliac.com\/index.php\/les-jardins-partages\/","url":"https:\/\/saintsuliac.com\/index.php\/les-jardins-partages\/","name":"Les Jardins Partag\u00e9s - Saint-Suliac","isPartOf":{"@id":"https:\/\/saintsuliac.com\/#website"},"primaryImageOfPage":{"@id":"https:\/\/saintsuliac.com\/index.php\/les-jardins-partages\/#primaryimage"},"image":{"@id":"https:\/\/saintsuliac.com\/index.php\/les-jardins-partages\/#primaryimage"},"thumbnailUrl":"https:\/\/saintsuliac.com\/wp-content\/uploads\/2025\/03\/IMG_3539-1024x768.jpg","datePublished":"2025-03-14T19:44:45+00:00","dateModified":"2026-02-03T18:43:07+00:00","description":"D\u00e9couvrez les jardins partag\u00e9s de Saint-Suliac : \u00e9change, jardinage et nature. Rejoignez une communaut\u00e9 passionn\u00e9e et cultivez l\u00e9gumes, fleurs et aromates. Parfait pour les amoureux de la terre !","breadcrumb":{"@id":"https:\/\/saintsuliac.com\/index.php\/les-jardins-partages\/#breadcrumb"},"inLanguage":"fr-FR","potentialAction":[{"@type":"ReadAction","target":["https:\/\/saintsuliac.com\/index.php\/les-jardins-partages\/"]}]},{"@type":"ImageObject","inLanguage":"fr-FR","@id":"https:\/\/saintsuliac.com\/index.php\/les-jardins-partages\/#primaryimage","url":"https:\/\/saintsuliac.com\/wp-content\/uploads\/2025\/03\/IMG_3539-scaled.jpg","contentUrl":"https:\/\/saintsuliac.com\/wp-content\/uploads\/2025\/03\/IMG_3539-scaled.jpg","width":2560,"height":1920},{"@type":"BreadcrumbList","@id":"https:\/\/saintsuliac.com\/index.php\/les-jardins-partages\/#breadcrumb","itemListElement":[{"@type":"ListItem","position":1,"name":"Accueil","item":"https:\/\/saintsuliac.com\/"},{"@type":"ListItem","position":2,"name":"Les Jardins Partag\u00e9s"}]},{"@type":"WebSite","@id":"https:\/\/saintsuliac.com\/#website","url":"https:\/\/saintsuliac.com\/","name":"Saint-Suliac","description":"Bienvenue \u00e0 Saint-Suliac ","publisher":{"@id":"https:\/\/saintsuliac.com\/#\/schema\/person\/0178bfa3583e6a68b0fa113763c05f5f"},"potentialAction":[{"@type":"SearchAction","target":{"@type":"EntryPoint","urlTemplate":"https:\/\/saintsuliac.com\/?s={search_term_string}"},"query-input":{"@type":"PropertyValueSpecification","valueRequired":true,"valueName":"search_term_string"}}],"inLanguage":"fr-FR"},{"@type":["Person","Organization"],"@id":"https:\/\/saintsuliac.com\/#\/schema\/person\/0178bfa3583e6a68b0fa113763c05f5f","name":"Xavier P.","image":{"@type":"ImageObject","inLanguage":"fr-FR","@id":"https:\/\/saintsuliac.com\/wp-content\/uploads\/2025\/04\/cropped-logo_profil_rs_couleur.jpg","url":"https:\/\/saintsuliac.com\/wp-content\/uploads\/2025\/04\/cropped-logo_profil_rs_couleur.jpg","contentUrl":"https:\/\/saintsuliac.com\/wp-content\/uploads\/2025\/04\/cropped-logo_profil_rs_couleur.jpg","width":1199,"height":1206,"caption":"Xavier P."},"logo":{"@id":"https:\/\/saintsuliac.com\/wp-content\/uploads\/2025\/04\/cropped-logo_profil_rs_couleur.jpg"},"sameAs":["http:\/\/saintsuliac.com"]}]}},"_links":{"self":[{"href":"https:\/\/saintsuliac.com\/index.php\/wp-json\/wp\/v2\/pages\/2108","targetHints":{"allow":["GET"]}}],"collection":[{"href":"https:\/\/saintsuliac.com\/index.php\/wp-json\/wp\/v2\/pages"}],"about":[{"href":"https:\/\/saintsuliac.com\/index.php\/wp-json\/wp\/v2\/types\/page"}],"author":[{"embeddable":true,"href":"https:\/\/saintsuliac.com\/index.php\/wp-json\/wp\/v2\/users\/1"}],"replies":[{"embeddable":true,"href":"https:\/\/saintsuliac.com\/index.php\/wp-json\/wp\/v2\/comments?post=2108"}],"version-history":[{"count":56,"href":"https:\/\/saintsuliac.com\/index.php\/wp-json\/wp\/v2\/pages\/2108\/revisions"}],"predecessor-version":[{"id":6387,"href":"https:\/\/saintsuliac.com\/index.php\/wp-json\/wp\/v2\/pages\/2108\/revisions\/6387"}],"wp:attachment":[{"href":"https:\/\/saintsuliac.com\/index.php\/wp-json\/wp\/v2\/media?parent=2108"}],"curies":[{"name":"wp","href":"https:\/\/api.w.org\/{rel}","templated":true}]}}